 highest common divisor of 12 and c?
4
Let i be 4/10*13260/4. Calculate the greatest common factor of 78 and i.
78
Suppose 604 = 2*a + 4*n - 2*n, 3*n = -9. What is the greatest common divisor of a and 5?
5
Suppose l = 20 + 186. Calculate the highest common divisor of 309 and l.
103
Let w(t) = t**3 + 17*t**2 - 60*t + 6. Let u be w(-20). Let m(l) = l**2 + 3*l + 2. Let s be m(4). What is the highest common factor of s and u?
6
Suppose 5*c + 33 - 168 = 0. What is the highest common factor of c and 783?
27
Suppose 14 = w - 4. Let y be ((-45)/(-12))/(12/(-32)). Let o = w + y. What is the greatest common factor of 56 and o?
8
Let v(c) = 2*c + 27. Let q = 65 - 68. Let r be v(q). What is the greatest common divisor of 105 and r?
21
Suppose -218 - 182 = -10*l. Calculate the highest common factor of 1060 and l.
20
Let t(w) = w**2 + 5*w - 7. Let v be t(-6). Let s be 118*1 - 2*v. Suppose 21*g - 8*g = -31*g + 660. Calculate the highest common factor of s and g.
15
Let l = 190 - 142. Calculate the highest common divisor of 24 and l.
24
Let i be (1668/(-695))/((-2)/10 + 0). What is the highest common factor of 1884 and i?
12
Let x(p) be the third derivative of 11*p**4/12 + p**3 + p**2. Let j = 373 - 366. Let h be x(j). Calculate the highest common factor of h and 20.
20
Suppose 2*x - 5*d = -0*x + 171, 5*x = 4*d + 470. Let z = -2069 + 2097. What is the greatest common divisor of z and x?
14
Suppose 13*y - 175 = 8*y. Calculate the highest common divisor of y and 1085.
35
Suppose 8*z - 13*z = -2*i - 3130, -4*i = 20. Calculate the greatest common factor of 48 and z.
48
Let s(k) = 0*k**2 - k**2 + 4*k**2 + 14*k - k**3 + k**2. Let t be s(6). What is the greatest common factor of 3 and t?
3
Let z = -1157 + 1182. What is the greatest common factor of 55 and z?
5
Let q = -1063 + 1711. What is the highest common divisor of q and 96?
24
Let z = 4083 + -3269. Calculate the greatest common divisor of z and 370.
74
Suppose 15 = 2*i - 5. Suppose -t = -2*g + g - i, -4*g + 44 = 3*t. What is the greatest common factor of t and 48?
12
Let x = -107 - -206. Suppose -6*s + s + 45 = 0. Calculate the greatest common divisor of x and s.
9
Suppose 67*h - 912 = 29*h. Calculate the greatest common factor of 1032 and h.
24
Let j = 53 - -2. Calculate the highest common divisor of 22 and j.
11
Let g = -30 + 42. Let x = g - 2. Suppose -h + 4*h = 0, d - 5 = 2*h. Calculate the highest common divisor of d and x.
5
Let k be ((-8)/(-2))/(-4) + 1. Suppose k = 3*y + 3*m + 9, 4*y + 3*m + 6 = -2. Calculate the greatest common factor of y and 5.
1
Let s(k) = 28*k**2 - k - 5. Let b be s(2). Calculate the highest common divisor of 42 and b.
21
Let s(x) = -17*x + 23. Let u be s(0). Calculate the greatest common factor of u and 368.
23
Suppose 5*t + 14 = 4. Let z be (-5)/(-3)*(t + 14). Let l be 9 + (-1960)/(-63) - (-1)/(-9). What is the highest common factor of l and z?
20
Let z(w) = 3*w**2 + 4*w + 8. Let b be z(-5). Let a be (1/(-1))/((-6)/54). Calculate the greatest common factor of a and b.
9
Suppose -2*r - 4*z = -0*z - 1602, -5*z = 5*r - 4000. Calculate the highest common factor of r and 47.
47
Suppose 3*g + 120 = 14*g + g. Suppose -2*q - 4*j = -24, -80 - 16 = -5*q - j. What is the greatest common factor of g and q?
10
Let b = 41 - -1. Suppose -72*t = -67*t - 105. What is the greatest common factor of t and b?
21
Suppose 0 = -2*g - 3*y + 45 - 3, y = -4*g + 64. Suppose -3*x = -t + 12, 6*t - 2*t = 2*x + 58. Calculate the highest common factor of g and t.
15
Let x be 0 + -8 - 1376/(-16). What is the greatest common factor of 182 and x?
26
Let u(a) = -a**2 + 19*a - 29. Let t be u(16). Suppose -13*b - 540 = -t*b. What is the greatest common factor of 18 and b?
18
Suppose 121 = -z + 1202. What is the highest common divisor of z and 23?
23
Let i(t) = -t**3 + 7*t**2 + 20*t - 27. Let n be i(8). Calculate the highest common factor of n and 23.
23
Let s(k) = k**3 + 15*k**2 - 16*k + 2. Let w be s(-15). Suppose 2*j + 2*j + 16 = 0. Let x be (44/j*-4)/2. What is the highest common divisor of w and x?
22
Suppose -3*s = -3*r + 4428, -4*s + 1474 = -5*s + 3*r. Let w = -1015 - s. Let j be (-2)/(-3)*w/4. What is the greatest common divisor of 11 and j?
11
Let u = 100 - 94. What is the greatest common factor of 16 and u?
2
Suppose 0 = -j + 1 + 2. Let t(i) = -3*i + 6. Let h be t(-7). What is the greatest common divisor of h and j?
3
Let f be 1/(-6) + 425/30 + 1. What is the greatest common factor of f and 9?
3
Suppose -2*h - 47 = -p, -h + 2 + 3 = 0. Suppose -10*a + 228 = -4*a. What is the greatest common divisor of a and p?
19
Let p be ((-158)/10 - 1)*560/(-168). Calculate the highest common divisor of 16 and p.
8
Let p be 2/((14/(-4))/(-7)). Suppose -p = q - 69. Suppose w + 130 = 6*w. What is the highest common factor of q and w?
13
Suppose -2*p = -2*c + 32, 2*c + 32 = 4*c - 3*p. Suppose n = 2*z + 22, -z = 4*z - 5. What is the greatest common factor of c and n?
8
Suppose 2*a - 6 = o - a, 0 = -3*o - 4*a + 21. Suppose -o*d = -20 - 13. Calculate the highest common factor of 11 and d.
11
Let s be (-625)/(-35) + (-3)/(-21). Calculate the highest common divisor of s and 90.
18
Let l be 25/(-5) + -1 - -186. Let s(q) = -q**3 + 11*q**2 - 5*q - 14. Let k be s(10). What is the greatest common divisor of l and k?
36
Let f be (32/28)/(-2) - 95/(-7). Calculate the highest common factor of 65 and f.
13
Let h(u) = -324*u - 909. Let l be h(-6). What is the greatest common divisor of l and 30?
15
Let d(s) = 12*s + 3. Let j(y) = -11*y - 3. Let m(l) = -4*d(l) - 5*j(l). Let n be m(8). Let g be n - 2 - (0 + 1). What is the highest common factor of 14 and g?
14
Suppose -c = g - 2, -g + 3*g + 3*c = 4. Let y be (-2 - (g - 25)) + 4. Suppose -q - 20 = -5*q. What is the highest common factor of y and q?
5
Suppose -63*c + 66*c - 6 = 0, 4*c = q - 11. Calculate the greatest common divisor of q and 3192.
19
Suppose 11*z = 2276 - 1990. What is the greatest common divisor of z and 559?
13
Let f = 311 - 302. What is the highest common factor of f and 225?
9
Let o(c) = 4*c**2 + 21*c - 37. Let u be o(-10). What is the highest common factor of 81 and u?
9
Let k be (-2)/10*-35 + 6. What is the greatest common factor of k and 325?
13
Let z = 29 + -27. Suppose a + z*a = 999. Calculate the greatest common divisor of 37 and a.
37
Suppose -q - 3 = -6. Suppose 0 = 2*z + 3*f - 67 + 1, q*f = 6. Suppose 0 = l - 6*l + z. What is the highest common factor of 2 and l?
2
Suppose 0 = 5*l + 5, 10*l - 8*l - 54 = -4*y. Suppose -7*h + 42 = -y. Calculate the highest common divisor of 4 and h.
4
Let o be ((-33)/22)/((-2)/96). What is the greatest common factor of o and 336?
24
Suppose 0 = 19*n - 24*n + 590. What is the highest common divisor of 14 and n?
2
Suppose 5*l - 2*s - 3*s - 30 = 0, -4*s - 26 = -5*l. Suppose -3*c + 133 = 4*h, -4*c + 6*c - l*h = 112. Calculate the highest common factor of c and 17.
17
Let s = 1790 - 1547. What is the highest common factor of s and 63?
9
Let o = 44 + -38. Suppose 4*l - 8 = -0, -18 = 4*n - 3*l. Let w be -2 + (13 - (2 + n)). Calculate the greatest common divisor of w and o.
6
Suppose 71*z = 69*z + 272. Let a(u) = 7*u**3 + 2*u**2 - 2*u + 1. Let i be a(1). What is the highest common divisor of i and z?
8
Let v be (-22 - -6)/(12/(-6)). Calculate the highest common divisor of v and 92.
4
Let i = 10 - 7. Let m be (i/(-6))/((-2)/24). Suppose -24*t + 13*t = -66. What is the greatest common factor of m and t?
6
Let t be (9 - -1)*50/4*-1. Let z = t + 129. Calculate the highest common factor of 12 and z.
4
Let h(z) = z**3 - 26*z**2 - 25*z + 62. Let v be h(28). What is the greatest common factor of 30 and v?
30
Let s = -103 + 243. Let y = 56 - 36. Calculate the highest common factor of y and s.
20
Let m be (-6)/(-2)*(-14)/(-3). Suppose 23*r - 121 = 17. Let j = m + r. Calculate the highest common factor of 80 and j.
20
Suppose 4*b = -5*s + 1119, 0 = 3*b + 2*s - 456 - 392. Calculate the highest common factor of b and 26.
26
Let i(c) = -c**3 - 17*c**2 - 45*c + 26. Let x be i(-14). Calculate the highest common divisor of 17 and x.
17
Let m(y) = 4*y + 49 - 18 - 28 - y**2. Suppose 2*o - 3*o = -4. Let p be m(o). Calculate the highest common factor of 33 and p.
3
Let b(f) = -f**3 - 2*f**2 - 3*f + 3. Let d be b(3). Let v = -33 - d. Let z(w) = -w + 4. Let h be